alculate the greatest common factor of 32648 and 166526.
106
Calculate the greatest common factor of 33 and 3395843.
11
What is the greatest common factor of 12509 and 406?
7
What is the greatest common factor of 9640 and 5045335?
1205
Calculate the highest common factor of 101008944 and 1062.
1062
What is the greatest common divisor of 10865 and 3469010?
205
What is the highest common factor of 736 and 7364048?
368
What is the highest common divisor of 127260 and 360?
180
Calculate the highest common factor of 11 and 14916627.
11
Calculate the highest common factor of 300 and 73688950.
50
Calculate the highest common factor of 3024 and 46566198.
378
What is the highest common divisor of 8990442 and 176814?
846
Calculate the highest common divisor of 167440 and 53613.
161
Calculate the highest common factor of 69120 and 552.
24
Calculate the greatest common divisor of 223971 and 69696.
363
What is the highest common factor of 72691744 and 660068?
14044
Calculate the highest common factor of 221 and 2087254.
13
Calculate the highest common factor of 60723 and 89952561.
1557
What is the highest common factor of 687690 and 17270?
10
What is the highest common divisor of 46 and 98256713?
23
Calculate the greatest common factor of 556195 and 2461790.
865
Calculate the greatest common factor of 46 and 114140582.
46
What is the greatest common factor of 12 and 2338496?
4
What is the greatest common factor of 17040 and 1684191?
213
Calculate the greatest common factor of 4883 and 4417059.
257
What is the highest common divisor of 678899244 and 36?
12
What is the greatest common factor of 24692130 and 180?
90
Calculate the greatest common divisor of 9682267 and 42.
7
Calculate the highest common divisor of 5936 and 8590982.
106
What is the highest common divisor of 252855 and 5805?
135
Calculate the highest common factor of 238587 and 23178549.
3561
What is the greatest common factor of 11300 and 86374940?
2260
Calculate the greatest common factor of 5780 and 3580.
20
Calculate the highest common factor of 21725 and 132583330.
4345
What is the highest common factor of 156246516 and 4424?
316
Calculate the highest common divisor of 197560630 and 365.
365
Calculate the greatest common divisor of 292329 and 493631.
401
What is the greatest common divisor of 1800 and 218484?
36
Calculate the greatest common divisor of 192375 and 2679.
57
Calculate the highest common factor of 13116859 and 44384.
1387
What is the greatest common divisor of 33697170 and 26?
26
Calculate the greatest common factor of 13492674 and 2645.
529
What is the highest common factor of 1334241 and 11034?
9
What is the greatest common divisor of 659642 and 15694?
38
What is the highest common factor of 480 and 47453790?
30
Calculate the highest common divisor of 50591647 and 174801.
5297
Calculate the greatest common divisor of 531 and 982413.
9
What is the highest common divisor of 18203319 and 1161?
1161
Calculate the greatest common divisor of 4987624 and 67024.
472
What is the greatest common divisor of 71682 and 1023282?
78
What is the highest common factor of 17520 and 513768?
24
Calculate the highest common divisor of 12264 and 610572.
876
Calculate the highest common factor of 106521796 and 4534.
4534
What is the highest common factor of 502344 and 12?
12
What is the greatest common factor of 28 and 206850392?
28
Calculate the greatest common factor of 140980 and 16122260.
2660
Calculate the highest common factor of 14736 and 10862274.
1842
Calculate the greatest common factor of 1335302 and 1552.
194
What is the highest common factor of 147 and 15631854?
21
Calculate the greatest common factor of 1360411 and 12447.
461
What is the greatest common divisor of 7497 and 395532557?
833
What is the highest common divisor of 308488 and 616?
8
What is the highest common divisor of 112 and 24771712?
112
What is the greatest common divisor of 22194 and 1503164?
274
Calculate the greatest common factor of 5457 and 510.
51
What is the greatest common divisor of 57428 and 362690636?
8204
What is the greatest common factor of 3376 and 2324704?
16
Calculate the greatest common factor of 36 and 43081866.
18
Calculate the highest common divisor of 1 and 4542822.
1
What is the greatest common factor of 9302804 and 14476?
1316
What is the highest common factor of 854932 and 5863?
533
Calculate the greatest common factor of 943 and 389787.
41
Calculate the greatest common divisor of 273350 and 231176.
1562
Calculate the greatest common factor of 1221510042 and 36.
18
What is the highest common factor of 358303 and 1166?
11
Calculate the greatest common divisor of 38533 and 3961441.
1243
Calculate the greatest common factor of 373829 and 2291985.
961
What is the greatest common divisor of 183970 and 1210?
10
What is the highest common divisor of 1148 and 1646519?
287
What is the highest common divisor of 2147 and 2838108?
113
What is the greatest common divisor of 71718 and 11292?
6
What is the highest common factor of 13188200 and 9028?
244
Calculate the highest common divisor of 98256 and 174084.
1068
What is the highest common divisor of 16828 and 828779?
4207
What is the greatest common divisor of 13720546 and 3192?
266
Calculate the highest common divisor of 6 and 5937819.
3
What is the greatest common divisor of 910 and 341692?
26
Calculate the highest common factor of 5583 and 171414849.
5583
Calculate the greatest common divisor of 16343561 and 3692.
923
What is the greatest common divisor of 20044722 and 183?
183
Calculate the highest common divisor of 302 and 171498401.
151
What is the highest common factor of 436416 and 40176?
48
Calculate the highest common divisor of 6622 and 31388.
14
What is the greatest common divisor of 207647 and 53449?
473
Calculate the greatest common divisor of 1460422 and 184174.
2594
Calculate the greatest common factor of 2943 and 3347063.
109
Calculate the highest common divisor of 2112183 and 45.
9
What is the highest common divisor of 23706738 and 45594?
306
What is the highest common divisor of 58233 and 266490?
987
What is the greatest common factor of 640 and 157394240?
320
What is the highest common factor of 11 and 4913315?
11
What is the highest common divisor of 385866 and 768434?
3298
Calculate the greatest common divisor of 147456781 and 194.
97
What is the greatest common factor of 4394 and 25729756?
26
Calculate the greatest common divisor of 1891 and 2014403.
61
Calculate the greatest common factor of 10707260 and 2166.
722
What is the greatest common divisor of 1298028 and 13248?
276
Calculate the greatest common divisor of 664390 and 506630.
290
What is the greatest common factor of 17010360 and 360?
360
What is the highest common factor of 198334 and 26462?
262
What is the highest common divisor of 352 and 646688240?
176
Calculate the greatest common factor of 430407 and 513.
513
Calculate the greatest common divisor of 103829792 and 352.
352
Calculate the greatest common divisor of 16542 and 7704.
18
What is the highest common divisor of 173971358 and 29722?
4246
Calculate the highest common divisor of 916560 and 406288.
1072
Calculate the greatest common factor of 595610 and 2060.
10
Calculate the greatest common divisor of 29542968 and 392.
56
Calculate the greatest common divisor of 634203 and 135.
27
What is the greatest common factor of 6559016 and 4920?
328
Calculate the greatest common factor of 378 and 18911142.
18
What is the greatest common divisor of 79266768 and 3?
3
What is the highest common divisor of 352 and 37076864?
352
Calculate the highest common factor of 867948052 and 796.
796
What is the highest common divisor of 631486090 and 760?
190
What is the greatest common divisor of 6478107 and 38?
19
What is the greatest common divisor of 1776599 and 290543?
4763
What is the highest common factor of 41694 and 2904?
6
Calculate the highest common divisor of 20 and 1757270.
10
Calculate the greatest common divisor of 44 and 582087440.
44
Calculate the highest common divisor of 53540505 and 846.
9
Calculate the greatest common factor of 3269557 and 58356.
1621
Calculate the highest common factor of 145 and 12896677.
29
What is the highest common factor of 18850 and 23049?
13
Calculate the highest common factor of 408 and 2